of 128836?
1
What is the millions digit of 11937204?
1
What is the thousands digit of 8406169?
6
What is the hundreds digit of 2507347?
3
What is the thousands digit of 632938?
2
What is the units digit of 3285032?
2
What is the hundreds digit of 660583?
5
What is the ten millions digit of 10940782?
1
What is the hundreds digit of 229866?
8
What is the units digit of 229659?
9
What is the ten thousands digit of 1012872?
1
What is the units digit of 159422?
2
What is the thousands digit of 1826114?
6
What is the hundreds digit of 556216?
2
What is the millions digit of 16736703?
6
What is the units digit of 188667?
7
What is the units digit of 150756?
6
What is the hundreds digit of 351465?
4
What is the hundred thousands digit of 138158?
1
What is the thousands digit of 1503452?
3
What is the hundred thousands digit of 1448857?
4
What is the thousands digit of 1116375?
6
What is the tens digit of 16445?
4
What is the thousands digit of 8646071?
6
What is the hundred thousands digit of 223390?
2
What is the thousands digit of 254430?
4
What is the hundreds digit of 12211023?
0
What is the millions digit of 1553282?
1
What is the tens digit of 13373060?
6
What is the millions digit of 1699728?
1
What is the tens digit of 9708716?
1
What is the thousands digit of 824566?
4
What is the tens digit of 9358480?
8
What is the ten thousands digit of 4639607?
3
What is the ten thousands digit of 22902472?
0
What is the units digit of 928547?
7
What is the hundreds digit of 395892?
8
What is the ten thousands digit of 165749?
6
What is the thousands digit of 196787?
6
What is the tens digit of 894371?
7
What is the thousands digit of 2416970?
6
What is the thousands digit of 9251485?
1
What is the units digit of 962263?
3
What is the hundreds digit of 111013?
0
What is the thousands digit of 263865?
3
What is the thousands digit of 75570?
5
What is the millions digit of 33191701?
3
What is the hundred thousands digit of 379325?
3
What is the ten thousands digit of 98754?
9
What is the ten thousands digit of 13636461?
3
What is the hundred thousands digit of 321710?
3
What is the ten millions digit of 11922708?
1
What is the millions digit of 6013925?
6
What is the tens digit of 290184?
8
What is the ten thousands digit of 19461513?
6
What is the hundred thousands digit of 229087?
2
What is the tens digit of 7426973?
7
What is the thousands digit of 12799464?
9
What is the units digit of 1442399?
9
What is the tens digit of 12290332?
3
What is the hundred thousands digit of 125182?
1
What is the millions digit of 1327336?
1
What is the hundred thousands digit of 3599748?
5
What is the ten thousands digit of 5669412?
6
What is the ten thousands digit of 199994?
9
What is the thousands digit of 44753?
4
What is the units digit of 86414?
4
What is the tens digit of 465628?
2
What is the millions digit of 1539595?
1
What is the hundreds digit of 3151279?
2
What is the ten thousands digit of 1948058?
4
What is the ten thousands digit of 930561?
3
What is the units digit of 6309794?
4
What is the thousands digit of 1630021?
0
What is the ten thousands digit of 420843?
2
What is the hundred thousands digit of 4159229?
1
What is the tens digit of 76014?
1
What is the hundred thousands digit of 14902697?
9
What is the hundreds digit of 9628?
6
What is the ten thousands digit of 4485505?
8
What is the hundreds digit of 345622?
6
What is the units digit of 323733?
3
What is the units digit of 9002273?
3
What is the ten thousands digit of 602062?
0
What is the tens digit of 2177339?
3
What is the hundred thousands digit of 310915?
3
What is the millions digit of 4301997?
4
What is the tens digit of 88367?
6
What is the ten thousands digit of 9963915?
6
What is the hundred thousands digit of 2904462?
9
What is the tens digit of 4296682?
8
What is the tens digit of 3847587?
8
What is the hundred thousands digit of 1856158?
8
What is the thousands digit of 523619?
3
What is the hundred thousands digit of 12059937?
0
What is the millions digit of 6116539?
6
What is the units digit of 652709?
9
What is the hundred thousands digit of 1481872?
4
What is the hundreds digit of 16251428?
4
What is the ten thousands digit of 12797740?
9
What is the hundred thousands digit of 805185?
8
What is the tens digit of 1061648?
4
What is the hundred thousands digit of 752648?
7
What is the tens digit of 2685856?
5
What is the hundreds digit of 203882?
8
What is the units digit of 136296?
6
What is the tens digit of 29412?
1
What is the thousands digit of 452883?
2
What is the tens digit of 13241?
4
What is the thousands digit of 125822?
5
What is the units digit of 2482475?
5
What is the tens digit of 410985?
8
What is the tens digit of 980?
8
What is the ten thousands digit of 466962?
6
What is the thousands digit of 360206?
0
What is the thousands digit of 86081?
6
What is the hundred thousands digit of 259424?
2
What is the units digit of 572551?
1
What is the hundred thousands digit of 2873474?
8
What is the units digit of 267498?
8
What is the thousands digit of 179387?
9
What is the thousands digit of 2751770?
1
What is the tens digit of 3300906?
0
What is the ten thousands digit of 26596?
2
What is the thousands digit of 1946288?
6
What is the hundred thousands digit of 382330?
3
What is the hundreds digit of 466441?
4
What is the hundred thousands digit of 1770517?
7
What is the hundreds digit of 3081316?
3
What is the hundred thousands digit of 493145?
4
What is the hundreds digit of 24639882?
8
What is the thousands digit of 394310?
4
What is the tens digit of 131862?
6
What is the thousands digit of 5458035?
8
What is the tens digit of 717391?
9
What is the millions digit of 3411260?
3
What is the units digit of 531988?
8
What is the ten thousands digit of 96296?
9
What is the hundred thousands digit of 2101700?
1
What is the tens digit of 29509821?
2
What is the ten millions digit of 24275704?
2
What is the tens digit of 53079?
7
What is the units digit of 2424400?
0
What is the units digit of 74656?
6
What is the units digit of 633444?
4
What is the hundreds digit of 336392?
3
What is the millions digit of 2464906?
2
What is the millions digit of 4510403?
4
What is the thousands digit of 104734?
4
What is the tens digit of 3283481?
8
What is the hundred thousands digit of 1043831?
0
What is the hundreds digit of 59530?
5
What is the ten thousands digit of 199657?
9
What is the millions digit of 3720444?
3
What is the ten thousands digit of 234823?
3
What is the ten thousands digit of 13275495?
7
What is the thousands digit of 1271959?
1
What is the hundreds digit of 648506?
5
What is the millions digit of 1956791?
1
What is the hundred thousands digit of 813633?
8
What is the thousands digit of 2355449?
5
What is the hundred thousands digit of 2799244?
7
What is the ten thousands digit of 1919908?
1
What is the units digit of 595540?
0
What is the units digit of 825652?
2
What is the tens digit of 948251?
5
What is the thousands digit of 437190?
7
What is the hundreds digit of 117774?
7
What is the units digit of 657950?
0
What is the hundreds digit of 74685?
6
What is the hundreds digit of 827895?
8
What is the hundreds digit of 343534?
5
What is the ten thousands digit of 25135403?
3
What is the thousands digit of 910281?
0
What is the ten thousands digit of 3301816?
0
What is the ten thousands digit of 254109?
5
What is the ten thousands digit of 1409753?
0
What is the units digit of 202164?
4
What is the units digit of 2783158?
8
What is the ten thousands digit of 648865?
4
What is the hundred thousands digit of 874545?
8
What is the thousands digit of 834451?
4
What is the thousands digit of 7323302?
3
What is the units digit of 14165186?
6
What is the thousands digit of 15433010?
3
What is the tens digit of 1506312?
1
What is the hundred thousands digit of 20196584?
1
What is the thousands digit of 3353296?
3
What is the hundreds digit of 7719362?
3
What is the hundred thousands digit of 207095?
2
What is the hundreds digit of 1238266?
2
What is the hundred thousands digit of 252541?
2
What is the hundreds digit of 1136949?
9
What is the units digit of 359372?
2
What is the thousands digit of 16673403?
3
What is the ten thousands digit of 294927?
9
What is the te